 of 2 + (5 - (1 - -5))?
1
Evaluate -3 + 2 + -2 + 0 + -1.
-4
Evaluate 2 - (-3 - -3 - 0).
2
-1 + -5 + (0 - -3)
-3
What is 22 + (7 - 10) + -8?
11
1 + 4 + (5 - 14)
-4
What is 7 + (-13 - -16) + -10?
0
Calculate -10 + 4 - (0 + 5 + -13).
2
What is 5 + -1 - 4 - 3?
-3
Evaluate -2 - -15 - (16 + -14).
11
What is the value of 0 - (0 + -6 + 3 - -4)?
-1
-12 - (-14 - (17 + -11))
8
What is -6 + (-1 - -2 - -4)?
-1
Evaluate -6 + -1 + 13 + 0 + -8.
-2
-4 + -1 + -3 + 4
-4
Evaluate -3 + (3 + 9 - 7).
2
Evaluate -7 + (-4 - -5) - -1.
-5
Calculate (4 - (3 + -8 - -11)) + -5.
-7
Evaluate 3 - (3 + -3 + -1 + -2).
6
What is -1 - 0 - (9 + -14)?
4
Calculate 3 - (2 - 2) - -1.
4
Calculate 1 + 1 + -3 + 0 + 4.
3
Evaluate 4 + 2 + (-7 + -12 - -5).
-8
What is the value of 5 - 2 - (10 - (2 - -8))?
3
-16 + 22 - (4 - 0)
2
What is (-10 - (0 - 5)) + 9 + -7?
-3
Evaluate 10 + 0 - (-9 + 15).
4
Evaluate -2 + (-2 - -9) + (0 - 3).
2
Evaluate 6 + (2 + -2 - (3 + 5)).
-2
-5 - 3 - (-11 - (-13 + 9))
-1
Evaluate (-5 - 0) + (2 - 7) + 6.
-4
What is the value of (4 - 2 - 4) + (-4 - -1)?
-5
What is 12 + (8 - 23 - -4)?
1
-2 - (-6 + 4) - -6
6
(-4 - (-5 - -1)) + -4
-4
Evaluate 3 + (-2 - (-2 - -3)) - -3.
3
What is the value of (-5 - -5 - 1) + -1?
-2
What is 5 - (2 + (5 - 8) + 10)?
-4
What is 4 + (-1 - 4 - 2) - -2?
-1
Evaluate -4 + (-2 - (2 + -18 - -4)).
6
Calculate 13 + (0 - 13) - (0 + 1).
-1
0 + 2 + (-18 - -14) - -7
5
(-161 - -163) + (0 - -7)
9
What is the value of -1 - (-8 - (2 - 4) - -1)?
4
3 - 9 - (-7 - 0)
1
8 + -3 - (6 - (-1 - 2))
-4
Calculate 12 + -5 + (2 - 8).
1
What is 4 - (-2 + 2) - (-32 + 39)?
-3
What is the value of -2 + 2 - (-1 - (-1 - -2))?
2
-11 + 12 + (-3 - (1 + -5))
2
8 + 2 + -11 + (0 - -5)
4
Evaluate 1 + 0 + (-3 - 12) + 16.
2
Calculate (1 - 3 - -4) + (21 - 24).
-1
What is 2 + (-2 - 1) + 4?
3
What is 11 - (17 - 7) - (1 + 0)?
0
Evaluate 2 + -2 + 0 - (-7 - -2).
5
Calculate 0 + -4 + 23 + -13.
6
What is the value of 2 - ((8 - 2) + -3 + 1)?
-2
4 - ((-4 - -4 - -4) + 0)
0
Evaluate 103 + -104 - (0 - 1).
0
8 + -8 - (0 - 1) - 0
1
-1 + (-5 - (4 + -5))
-5
Evaluate 5 - ((-9 - -17) + 2).
-5
What is 3 + (-1 - 1) + -4 + 3?
0
What is the value of -5 + (-12 - (-5 - 9))?
-3
5 + -1 - -2 - 11
-5
Calculate 3 - -2 - 4 - 2.
-1
Calculate -9 + -5 + 4 + 2.
-8
-16 - -1 - (98 + -106)
-7
What is the value of -1 - 4 - (-2 - (-1 - -7))?
3
What is 1 - (1 - 2) - (91 + -85)?
-4
What is the value of 5 - (4 + -3 + -2 + 3)?
3
2 + -10 + (7 - 3) - -1
-3
(-6 - (1 - 6)) + 0 + -8
-9
What is (-3 - -6) + (-12 - (-2 + -2))?
-5
What is the value of -3 + 3 - (-1 + -2)?
3
Evaluate 0 - -3 - (15 + -7).
-5
Calculate 15 - 11 - (0 + 2).
2
Evaluate 0 - -2 - (19 + -12).
-5
(-10 - 0 - -13) + -1 + 1
3
What is the value of (1 - -1) + -4 + (3 - 2)?
-1
Evaluate 1 + 3 + -7 + -3.
-6
Evaluate (10 - (2 + 3)) + -9.
-4
Evaluate 2 - (-9 - (3 - 11)).
3
Calculate (1 - 8) + 17 + -5.
5
7 + 1 + (-5 - 4)
-1
What is the value of -4 - (5 + -11) - (0 + 1)?
1
Calculate -6 + 8 + -11 + 9 + -2.
-2
What is the value of 4 - (3 - (-5 + 7))?
3
What is the value of 1 - 0 - (10 + -12) - 1?
2
Evaluate (12 - 6) + 0 - 11.
-5
What is -2 + 2 + (4 + -5 - -3)?
2
3 + -3 + -13 + 7
-6
Calculate (2 + -7 - -3) + (-3 - 1).
-6
Calculate 0 + -2 + 2 + -1.
-1
What is the value of 4 - (0 + -1 + 10)?
-5
What is -1 + 5 + 1 + 201 + -207?
-1
What is (0 - 7) + -3 + 7?
-3
-3 + -1 + 5 + -5 + 5
1
Evaluate 2 + 4 + 1 - (12 - 8).
3
What is (3 - 1) + (8 - 11 - 3)?
-4
Calculate (-6 - -18) + -7 + 1.
6
-6 - ((-7 - 3) + 4 + 2)
-2
Calculate (-6 - -15) + -4 - 5.
0
What is -74 - -75 - (4 + 1 + 0)?
-4
Evaluate (0 - 0) + (-15 - (-16 + 3)).
-2
Calculate (1 + 10 - (21 + -15)) + 1.
6
What is -4 - (-7 + (-8 - -11))?
0
Evaluate (-3 - -2) + 4 + -2.
1
What is the value of (-1 - -1 - (19 + -16)) + 3?
0
What is (-4 - -1 - (10 + -8)) + 2?
-3
What is -1 - -1 - (-6 - (-10 + 4))?
0
(1 - 1) + 7 - (-147 - -151)
3
Evaluate -6 - (5 + (-2 - 8)).
-1
6 + -4 + -5 + 9
6
0 + 1 - (1 + -1)
1
0 - (-1 - 2 - (-37 + 38))
4
What is the value of 3 + 3 + -5 + 5?
6
Evaluate (-2 + -3 - -2) + -2.
-5
Evaluate (-8 - (-7 + -5 + 9)) + 10.
5
(14 + -12 - 17) + 7
-8
7 - (2 + (0 - (-3 - -3)))
5
What is the value of -11 + 3 + (-4 - -10 - 5)?
-7
Calculate (-1 - 3) + (0 - -2) + -3.
-5
Calculate (6 - (9 + (-2 - -3))) + -1.
-5
What is (-4 - 3) + 1 - -4?
-2
What is (1 - (11 + -3)) + 6?
-1
4 + (2 - (-4 + 11 + -5))
4
What is the value of -8 - (-3 - (-4 - (4 - 5)))?
-8
0 + 2 + (-4 - (-7 + 0))
5
What is the value of (-1 - 7) + 3 - (-6 + 5)?
-4
Calculate 25 + -16 + -6 + 1.
4
-5 + (8 - 11) + 3 + 1
-4
Calculate -1 - (-7 + 6 + 3).
-3
What is the value of 8 + -7 + 3 + -10?
-6
Evaluate 5 - (10 + -3 + -13 - -10).
1
(-2 - (1 - 0)) + (6 - 7)
-4
What is the value of 3 + -1 - (0 + -3)?
5
What is -10 - ((-4 - 0) + 5 + 0)?
-11
Evaluate -7 + 1 - (8 - 19) - 7.
-2
What is 6 + 6 + -3 + -4?
5
What is the value of (1 - -2) + 0 + -5 + -3?
-5
What is the value of 5 + 2 + 0 + -2?
5
Evaluate -8 + 1 - (-8 - (-4 - 1)).
-4
What is 12 - 15 - (-1 - -7)?
-9
(-1 - -6) + -7 - -2
0
Evaluate 3 + (-4 - -1) + 3.
3
Evaluate -1 + -1 - 0 - (-37 + 41).
-6
What is -2 + 2 + 3 + -6?
-3
5 - (5 + (-4 - (-5 + 6)))
5
-11 + (12 + -10 - -1)
-8
What is the value of 6 + -3 + -2 + -5?
-4
What is 1 + 3 - ((14 - 2) + -12)?
4
Calculate -18 + 15 + 0 + (2 - 1).
-2
What is 6 + -5 + -6 - 1?
-6
Calculate (9 - (-5 + 6)) + -3.
5
Calculate -5 + 4 + (-3 - (2 + -4)).
-2
What is 6 - 9 - -2 - -4?
3
What is -6 - -6 - (-1 + -1 + -1)?
3
Evaluate 0 + -6 + -2 + 2.
-6
Calculate 5 + (2 - 5) + 1 + -8.
-5
What is (-1 - 5) + -38 + 33 + 4?
-7
2 + (-4 - (1 + -1))
-2
(-3 - -5) + 3 + -4
1
Evaluate 10 + -1 + -14 + -1.
-6
What is the value of -5 - (-11 + (-1 - -2)) - -3?
8
What is the value of (1 - 4 - -13) + 9 + -14?
5
What is 1 + 4 + -1 - 0?
4
What is the value of -12 - ((-3 - (8 - 2)) + 4)?
-7
What is (2 - 1) + -2 + (0 - -1)?
0
What is -4 - (-2 - (14 - 11))?
1
What is 17 - 6 - (3 - -5)?
3
What is -14 + -8 + 17 + 2 + -5?
-8
4 + -1 + (-14 - (-14 - 1))
4
Evaluate 6 + -5 + -8 + -4 + 4.
-7
Evaluate -2 + -5 - (-3 - -2) - -3.
-3
Calculate 1 + 4 + 7 + -10.
2
Evaluate -3 - -7 - (-6 - -6).
4
Calculate 21 + 6 + -8 + -11.
8
Evaluate -5 - (10 - (-4 - (-5 - 6))).
-8
-2 - (1 + 1 + -2 + 2)
-4
13 + (-9 - -6) - 5
5
Evaluate -50 + 44 - (-10 - 0).
4
What is the value of 4 + (-1 + 6 - 3 - 6)?
0
-25 + 9 - -7 - (-6 - -2)
-5
Calculate -8 + 3 + 9 + -2.
2
Calculate -3 - (-1 + 0 - (-10 + 8)).
-4
Evaluate 25 - (-22 - -53) - (-1 + -8).
3
Evaluate (5 - (0 - -5)) + 1 + -3.
-2
Evaluate 2 + (-1 - ((2 - 3) + 3)).
-1
What is 3 + (2 - 1) + -2 + 3?
5
Evaluate -2 + 1 - (84 - 78).
-7
Evaluate (12 + (11 - 4) - 5) + -6.
8
Evaluate 3 - (-5 + (1 - -3) + 6).
-2
Evaluate 0 + -7 + -6 + 17.
4
What is -6 + (0 - 5) + 6?
-5
What is -5 + (0 - (6 - 10))?
-1
Evaluate 0 + (0 + 2 - 3).
-1
(-5 + 12 - 8) + -5
-6
-9 - (-5 + 0 + 2) - -5
-1
What is 0 + (6 - 10 - (0 - -1))?
-5
What is the value of -2 + (-3 - -6) + 0 + -4?
-3
3 + -2 - (-4 - -4)
1
Calculate -8 + 7 - (0 + -3).
2
Evaluate 2 + (0 + -1 - -2) + -2.
1
Evaluate 0 + (-3 - -1 - -1) + -1.
-2
What is the value of -10 + 7 + (9 - 6)?
0
-5 + -2 + 9 + -4
-2
Evaluate 3 + -10 + 5 - (4 + -3).
-3
-11 + 17 + (-11 - -3)
-2
-6 + (2 - (1 - 0)) - -5
0
-6 + 7 + (2 - -2)
5
(-5 - -3 - (4 - 2)) + 1
-3
7 - (1 - (7 + -5)) - 0
8
Calculate 13 - (-11 - (1 - 24)).
1
Calculate -5 + 1 + -5 + 14.
5
What is the value of 6 - (6 - (-1 + 8) - -2)?
5
-1 - (9 + 3 + -8)
-5
Evaluate 2 + 1 + -4 + 0.
-1
What is the value of -7 + (-13 + 1 - -7 - -12)?
0
Calculate 0 + -1 - (6 + -12).
5
What is the value of (-2 - -3 - -2) + 4 + -12?
-5
What is -1 - -1 - -2 - (-2 + 1)?
3
(6 - 10) + (3 + -3 - -4)
0
What is 0 + 4 + 5 + -5?
4
Evaluate 38 - 46 - (1 + -14).
5
What is -6 + 9 + (-1 - 4) + 1?
-1
3 + (2 - 5) + -1 + 1
0
What is (1 + -5 - 3) + 8?
1
12 + (4 - 4) + -5 - 6
1
Evaluate (1 - -1) + 0 - (-12 + 9).
5
What is the value of 1 + 0 + (-140 - -130)?
-9
What is the value of (43 + -42 - (3 - 1)) + 6?
5
Evaluate 2 + (-5 - -7) + 3 + -6.
1
Calculate 1 + -5 + (-2 - -3).
-3
What is (6 - 5) + (-1 - (3 + 0))?
-3
What is the value of 7 + (7 - 8 - 9)?
-3
Calculate -5 - (-4 + 2) - (2 - 4).
-1
-9 + 13 - (5 + (2 - -2))
-5
Evaluate (1 - 20) + 8 - (0 + -6).
-5
Evaluate 1 + -5 + (5 - 6).
-5
What is (-15 - -6 - -7) + (1 - 4)?
-5
Evaluate 5 - (4 + -2 + -5 + 8).
0
(2 - (4 - 5)) + -7
-4
Evaluate -3 + 10 + (-2 - 2)